ens digit of y?
6
What is the thousands digit of (112523/34)/(-1 + (-15)/(-10))?
6
Suppose 20*x + 0*x - 141620 = 0. What is the thousands digit of x?
7
Suppose -b = -3*n - 529, b + 6*n = 4*n + 514. Let r = 1279 - b. What is the units digit of r?
9
Suppose -349*u + 586748 = -13012 - 213410. What is the thousands digit of u?
2
Suppose -15*f - 5*x = -13*f - 32302, -4*f + 64604 = -2*x. What is the tens digit of f?
5
Let d(f) = f**2 + 2*f - 20. Let c be d(4). Suppose -c*y - 74 = i, -3*i - 3*y - 24 = 162. What is the tens digit of (-5 + i/(-8))*18*4?
6
Suppose -3*g = -m + 11, g - 4 = -3*m - 1. Suppose -m*t + 4*d + 2484 = 3*t, -6*t + 2975 = d. What is the hundreds digit of t?
4
Let g = -44 - -46. Suppose -553 = -3*a + 2*w, -g*a - 122 + 516 = 5*w. Suppose 3*u - 2*i - a = 107, i = u - 97. What is the tens digit of u?
0
Suppose 0 = -s + 7*s + 3942. Let k be (4/(-1) + s/3)/(-1). Suppose 0*t - 2*t = -u - 115, -k = -4*t - 5*u. What is the units digit of t?
7
Let n = 65642 - -3858. What is the tens digit of n?
0
Let p = -91 - -267. Let w = -170 + p. What is the units digit of w?
6
Let a(m) = m**3 - 58*m**2 - 63*m - 304. What is the units digit of a(66)?
6
Let w = 6786 + 10863. What is the units digit of w?
9
Let i(t) = t**3 + 11*t**2 + 19*t + 20. Let f be i(-8). Let n = f + -117. Let a = -42 - n. What is the tens digit of a?
1
Suppose -16*q + 123007 + 219167 = 106286. What is the thousands digit of q?
4
Let i(h) = 6*h**2 - 9*h + 26. Let b(y) = 5*y**2 - 10*y + 25. Let z(n) = -4*b(n) + 5*i(n). What is the hundreds digit of z(4)?
1
Let f = -9337 + 16825. What is the tens digit of f?
8
Let l(m) = -m**2 - 8*m - 13. Let u be l(-6). What is the hundreds digit of (47 - 14)/((-19)/22 - u)?
2
Let l(o) = -o**3 - 6*o**2 + 2*o + 12. Let a be l(-6). Suppose -7*z + 3*z = a. What is the units digit of (-64)/(-16) + 2 + z?
6
Suppose 2*s - 39 = 5*d - 7, -d = s - 2. Suppose l + 60 = -s*v + 3*v, 5*l = 2*v - 300. Let o = 77 + l. What is the tens digit of o?
1
Let o be 676*6/(-12)*-1. Let z = o - 65. What is the hundreds digit of z?
2
Let h = -12 + 17. Suppose -2*z = -0*c - h*c + 811, -3*c = -z - 486. Suppose -c = -5*t - 56. What is the tens digit of t?
2
Let m(b) = 3*b**2 + 14*b - 1. Let q be m(11). Let i = -215 + q. What is the units digit of i?
1
Let b(x) = -4*x + 14. Let c be b(4). Let t be -1*2 - (-3 - 14/c). Let p(k) = -k**3 - k**2 + 13*k + 6. What is the tens digit of p(t)?
0
Suppose 10*u + 9078 = -7*u. Let k = -222 - u. What is the hundreds digit of k?
3
Suppose -3*x + 48543 = -4*f, 20*x + 4*f - 16181 = 19*x. What is the hundreds digit of x?
1
Let b be ((-18)/(-12))/(3/(-6)). Let y be ((-36)/(-1))/b - -3. Let t = y - -14. What is the units digit of t?
5
Let a = 5 - 0. Suppose 4*d + 0*i = -5*i + 925, -d + a*i = -250. What is the tens digit of d?
3
Suppose -3*x = 4*m + x - 8, m = -3*x. Let w be (1 + 732/(-9))*m/1. Let u = -127 - w. What is the tens digit of u?
1
Let x = 14566 - -1865. What is the ten thousands digit of x?
1
Suppose -4*n + 5*y + 79919 = 0, 21*y = n + 16*y - 19991. What is the thousands digit of n?
9
Let s(l) = -12*l**3 - 226*l**2 - 37*l - 158. What is the tens digit of s(-20)?
8
What is the units digit of 657402/19 + (-70)/665?
0
Suppose -4*x - 2*f + 2 = 0, 1 = f - 2*f. Let q(j) = 411*j**3 + 2*j**2 - 5*j + 2. What is the hundreds digit of q(x)?
4
Let s be (-2)/(-3) + 460/3. Suppose -3*r + 1810 = 5*z, 2*z - 23*r + 24*r = 725. Let g = z - s. What is the units digit of g?
1
Suppose -3*w - 9 = 0, -4*x + 0*w = -w - 103. Let k be (5/(50/12))/(2/x). Let y = 36 + k. What is the units digit of y?
1
Let x(b) = b - 24. Let n be x(33). What is the tens digit of n*(4/8 - (-363)/6)?
4
Let y be (-2 - (-68)/(-5))*(-90)/27. What is the tens digit of y*(-2)/40*-335?
7
Suppose -n = r - 60379, 0 = 33*r - 28*r - 3*n - 301911. What is the thousands digit of r?
0
Suppose m = 2*v + 29, -6*v + 5*v = -4*m + 25. Let z(o) = -3*o**3 - 30*o**2 + 13*o + 12. What is the units digit of z(v)?
4
What is the units digit of 612/102 + (-1 - -16906)?
1
Let z = -5058 - -7509. What is the units digit of z?
1
Let n = -42 - -50. Suppose -n*m - 18 = m. What is the units digit of -1*65/(m/2)?
5
What is the ten thousands digit of 3*-2*(1 + 30/(-36))*-45343?
4
Suppose -189*z - 13720 = -191*z. What is the units digit of z?
0
Suppose 3*x - 7281 = 4*g, 12*x = 10*x - 5*g + 4900. What is the thousands digit of x?
2
Let r(h) = 2*h**2 + 12*h + 48. Let z = 30 + -15. What is the units digit of r(z)?
8
Let z = 373 + -556. Let d = z - -754. What is the units digit of d?
1
Let s be (-2 + 6)*7*(-2)/(-2). Suppose 32*z = s*z - 144. What is the units digit of z/10*-11 - 12/20?
9
Let c(b) = -9*b**2 - 628*b - 57. What is the ten thousands digit of c(-42)?
1
Suppose l = 3*f + 1372, -6874 = -5*l - 0*l + f. Suppose 0 = 8*o - 337 - l. What is the units digit of o?
4
Let d(k) = -371*k + 1279. What is the tens digit of d(-12)?
3
Let i(k) = -56*k**3 + 2*k**2 - 4*k - 3. Let f be i(-4). Suppose 0 = 13*h - 1133 + f. Let m = -52 - h. What is the hundreds digit of m?
1
Let p = -88 - -108. Let z(w) = -w**3 + 20*w**2 + 2*w - 42. Let c be z(p). What is the hundreds digit of (-1972)/(-12) - c/3 - 4?
1
Let k(p) = 36*p**2 - 2*p + 8. Let q be k(-11). Suppose 0*r = -17*r + q. What is the tens digit of r?
5
Let i = 204 - 204. Suppose -4*d + 5*d - 1128 = y, -5*d - 5*y + 5590 = i. What is the hundreds digit of d?
1
Let a(b) = 1. Let v(j) = 7*j + 49. Let q(d) = 42*a(d) - v(d). Let m be q(-4). Let r = 103 - m. What is the units digit of r?
2
Suppose -w - 76 = -528. Let s = w + -251. What is the units digit of s?
1
Let v = 2543 + 4498. What is the units digit of v?
1
Let o(s) = -340*s**3 - s**2 - 9*s - 8. Let g(v) = -v**3 - v - 1. Let n(t) = -18*g(t) + 2*o(t). What is the hundreds digit of n(-1)?
6
Let n(y) = -y + 16. Let u be n(0). Let k(p) = 19*p**2 - 84*p - 322. Let a be k(-4). Suppose 2242 + a = u*o. What is the tens digit of o?
6
Let a(p) = 41*p**3 - 458*p**2 + 60*p - 28. What is the thousands digit of a(12)?
5
Let j be (0 - -327)*(-8)/(-6). Suppose 53*y + 2743 = -4168 - 3159. Let p = j + y. What is the units digit of p?
6
Suppose 0 = 3*l + o - 225474, -4*o + 41 - 53 = 0. What is the hundreds digit of l?
1
Let s(j) = 411*j - 3297. What is the tens digit of s(37)?
1
Let h = 1107 + -388. Suppose -25*g = -16219 + h. What is the hundreds digit of g?
6
Suppose 24*y + 15*y - 100298 = -8*y. What is the thousands digit of y?
2
Let n(a) = -32*a + 226. Let c be n(8). What is the units digit of c/195 - 9/(117/(-5644))?
4
Let g be ((-3 - -1) + 3)*8. Suppose 0 = 5*u - 17 - g, -3*u = -4*c + 17. What is the tens digit of (-724)/(-18) - c/36?
4
Let d(n) = -n**3 - 18*n**2 + 31*n + 25. Let b(i) = 5*i**3 + 72*i**2 - 125*i - 101. Let x(m) = -2*b(m) - 9*d(m). What is the tens digit of x(16)?
2
Let k(j) be the third derivative of -1/24*j**4 + 0 + 0*j + 11*j**2 + 0*j**3 + 16/15*j**5. What is the units digit of k(-1)?
5
Suppose 5*j + h = -0*j + 639, 0 = 5*j - 3*h - 643. What is the thousands digit of j/(-5*(-3)/120)?
1
Let z(p) = -4*p**3 - 41*p**2 + 20*p - 162. What is the thousands digit of z(-21)?
8
Let r(z) = -z**3 - 44*z**2 + 3*z + 132. Let b be r(-44). Suppose b = -20*d + 33970 - 3110. What is the tens digit of d?
4
Suppose 9676 = 2*c - 2*f, 3*c + 2*f = 5002 + 9537. What is the tens digit of c?
4
Let q(o) be the third derivative of -91*o**4/24 + 41*o**3/3 + 161*o**2. What is the units digit of q(-9)?
1
Let u(a) be the third derivative of a**5/60 + a**4/8 - 7*a**3/6 + 5*a**2. Let k be u(-5). Let x = k + 61. What is the units digit of x?
4
Let b = 114151 - 57233. What is the tens digit of b?
1
Let v = 5034 - 955. What is the thousands digit of v?
4
Suppose 30*b - 31*b = -2*d + 16110, -2*b = 3*d - 24158. What is the thousands digit of d?
8
Let r(w) = 8*w**2 - 2*w - 2. Let u be r(-1). Suppose -4*c + u*c = -8. What is the tens digit of (-372)/(-14) - (66/42 + c)?
2
Let f(i) = -6*i + 2. Let l(p) = -p - 22. Let k be 2/((-5)/35*1). Let s be l(k). What is the tens digit of f(s)?
5
Let w(o) = -4*o - 51. Let a(s) = -3*s - 34. Let c(d) = 7*a(d) - 5*w(d). Let v be c(18). What is the tens digit of (-140)/3*(-6)/(-2)*v?
4
Let l(i) = 39*i + 3. Let a(v) = -v - 1. Let w(t) = -5*a(t) + l(t). What is the units digit of w(7)?
6
Let w(m) = 672*m + 1725. What is the ten thousan